ose -15 = a*y + 2*y. What is the units digit of 6/9 - 1/y?
1
Let a(q) = q**2 + 4*q + 3. Let z be a(5). Suppose -o - z = -4*o. Let i = o + -9. What is the units digit of i?
7
Let g(n) = -4*n + n**2 + 3*n - 2 + 2*n. Let f be g(-4). What is the units digit of 8/6*(f + -7)?
4
What is the units digit of (-1)/9 + (-2812)/(-36)?
8
Let k(b) = 23*b**2 + 4. Let a be k(2). Suppose -4*i - 3 = 5*v - 127, 3*v - a = 3*i. What is the units digit of v?
8
Suppose 19 = -2*h - o, -2*o + 7 = -h - 5*o. Let x = 23 + h. What is the units digit of x?
3
Let g(s) = 2*s**3 - 3*s**2 + 3*s. Let v be g(2). Let h = v - -1. What is the units digit of h?
1
Suppose -4*i = -3*i - 4. Let d be 3 + i/(1 - 3). Suppose -5 = -2*s - d. What is the units digit of s?
2
Let v(u) be the third derivative of u**5/60 - u**4/8 + 2*u**3/3 - u**2. Let p be 1/((-3 + 1)/(-8)). What is the units digit of v(p)?
8
Let p(b) = 2*b + 325. Let m be p(0). What is the units digit of m/45 - 6/27?
7
Suppose 4*i - 21 = 3*i. What is the tens digit of i?
2
Let u be (-18 - 1)/(-2 - -3). Let n = 9 - u. Suppose -p - 3*p = -n. What is the units digit of p?
7
Let j = 11 - 7. Suppose -s = j*x - 36, 4*s - 5*x + 14 = 95. What is the units digit of s?
4
Let s = -310 - -534. What is the tens digit of s?
2
Let b = 6 + -4. Let w be -5 + b + 1 + 3. Suppose -x + 0 + w = 0. What is the units digit of x?
1
Let r be (-3 - -3)*(3 + -2). Suppose 3*k - 5*k = r. Suppose k = c - 0 - 1. What is the units digit of c?
1
Suppose 3*w - 20 = 7*w. Let z(x) be the first derivative of -x**3/3 - 5*x**2/2 + 5*x - 1. What is the units digit of z(w)?
5
Suppose d = -5*c - 3, 2*d = 6*d - 5*c - 38. What is the units digit of d?
7
Let l(o) = 3*o**3 - 2*o**2 - o - 2. Let n be l(2). What is the tens digit of (1*17)/(n/12)?
1
Let t(k) = k**3 + k**2 - k + 56. Let q be t(0). Suppose 30 + q = 2*h. Suppose -b - 3*v + 21 = 2*b, -v = 4*b - h. What is the units digit of b?
2
Let f = -2 + 13. What is the tens digit of f?
1
Suppose 3*u = 9*u - 312. Let d be (1 - 2) + 5*1. Suppose 4*m - u = -0*h + 4*h, 17 = d*m + 3*h. What is the units digit of m?
8
Let g = -16 + 26. Suppose -g = -p - p. What is the units digit of p?
5
Suppose -2*v - k - 22 = -3*v, 2*k - 64 = -4*v. What is the units digit of v?
8
What is the tens digit of 215 - (-1 + -2 + 1)?
1
Let g = 9 + -3. Suppose -2*a = -g - 8. Suppose 4*x - a = -c, -c + 5*x - 2 = -0*c. What is the units digit of c?
3
Let v = 159 + 36. What is the hundreds digit of v?
1
Let m(l) = l**2 - 8*l + 18. What is the tens digit of m(8)?
1
Suppose -5*u + 120 = -345. What is the units digit of u?
3
What is the units digit of (-2)/((-72)/68 + 1)?
4
Let m be 0 + (1 - -63)/2. Suppose 4*z - 3*o - 23 + 0 = 0, 0 = 3*z - 5*o - 9. Suppose 4*j = z*j - m. What is the units digit of j?
8
Suppose -4 = -q - 0*q, -20 = -4*u - 5*q. Let l = 0 + u. Suppose v - 2*v + 3 = l. What is the units digit of v?
3
Suppose 2*p - 2*h = 4*p + 6, -2*p - h = 1. Let y(k) = -23*k**3 - 2*k**2 - k - 1. Let z be y(p). What is the units digit of (-2)/7 + z/(-21)?
9
What is the tens digit of (-2)/(26/(-1809)) - 24/156?
3
Let u(w) = -2*w + 3*w**2 - w**2 + 0*w**2 - 1 - 3. What is the tens digit of u(-3)?
2
Let z = -96 + 42. What is the units digit of 1/5 + z/(-30)?
2
Let w = 8 + -36. What is the units digit of ((-3)/6)/(2/w)?
7
What is the hundreds digit of 1/(-4) + ((-2646)/8)/(-3)?
1
Let c(r) = -r**2 + 5*r - 3. Let a be c(3). Suppose a*y - 4*l - 24 = 48, -2*y = -l - 53. What is the tens digit of y?
2
Let d(c) = -c**3 - 2*c**2 + 10*c - 31. What is the tens digit of d(-7)?
4
Let v(c) = 25*c**2 + 5*c - 1. What is the tens digit of v(2)?
0
Let o(a) = a**3 + 6*a**2 + 4*a - 5. Let b be o(-5). Let s(x) = 4*x - 5*x + 5 + 3. What is the units digit of s(b)?
8
Suppose -1 + 7 = 2*c, 3*y - 4*c = 0. Suppose y*b - 20 = -0. Suppose 7*i = 2*i + b. What is the units digit of i?
1
Suppose -4*q + q = 0. Let k be (21 - q/1)*-1. What is the units digit of k/(-9) - (-2)/3?
3
Suppose 240 = 7*l + 3*l. What is the tens digit of l?
2
Suppose -a = 4*a - 50. Let q(p) = -p**2 + 10*p + 10. What is the units digit of q(a)?
0
Suppose 0*r = -3*r. Suppose 0*t + 4*t = r, -2*k - 3*t + 18 = 0. What is the units digit of k?
9
Let s = -5 - -17. Let h = s + -3. Let v = -6 + h. What is the units digit of v?
3
Suppose 0*i - 8*i = -152. What is the tens digit of i?
1
Let z = -2 + 2. Let i be (z/(-1) + 3)*-1. Let s = i + 6. What is the units digit of s?
3
Suppose -10*t = -2*t - 152. What is the units digit of t?
9
Let b(h) = 3*h**2 - 5*h. What is the units digit of b(8)?
2
Let r = 147 - 100. What is the tens digit of r?
4
Let a(t) be the first derivative of t**2/2 + 8*t + 2. Let d be a(-6). Let q = -1 + d. What is the units digit of q?
1
Let u = -65 + 100. Let x = 25 - u. Let w = x + 16. What is the units digit of w?
6
Suppose -5*h + 7 + 3 = 0. Let w be (1 - (2 - h))/(-1). Let a = 0 - w. What is the units digit of a?
1
Let m = -8 + 8. Suppose -3*n + 8 + 22 = m. What is the tens digit of n?
1
Suppose -2*w + 4*c = -3*w + 22, -2*c = 4*w - 102. What is the units digit of w?
6
Let i = 0 - -4. Suppose -5*o - 6 - i = 0. What is the units digit of (3/o)/(6/(-40))?
0
Suppose 6 = r - o, 0 = 4*r - 7*o + 2*o - 28. Suppose s = -2*a - 3*a + r, -2 = -s + 3*a. What is the units digit of s?
2
Suppose 4*z + b - 16 = 0, -z + 3*z + 2*b - 2 = 0. Let t(r) = -r**2 + 7*r - 2. What is the units digit of t(z)?
8
Suppose 3*h = 2*h. Suppose -4*u - 24 = -0*m - 2*m, 2*m + 3*u - 31 = h. What is the units digit of m?
4
Let r(s) = s**3 - 5*s**2 + 11*s - 1. What is the hundreds digit of r(7)?
1
Suppose -7 - 5 = -4*k, 3*g - 5*k = -12. Let m = g + -15. Let o = m + 23. What is the units digit of o?
9
Let q(p) = -p**2 + p - 1. Let f be q(1). Let d be 1 + (-2)/2 + f. What is the units digit of (4/(-10))/(d/5)?
2
Let a(k) = k - 3. Let v = -15 - -26. What is the units digit of a(v)?
8
Suppose -4 = t, 4*t = 5*p + 3*t - 29. Suppose 4*k + 134 = p*x, -2*x + 3*x + 5*k = 21. Suppose -4*a + x = 2*n, 7 - 35 = -4*n - 2*a. What is the units digit of n?
5
Let o(u) = 19*u**2 + u + 21. What is the hundreds digit of o(-4)?
3
Let t be 1 + (1 - 19)/(-3). Let z = t + -3. What is the units digit of z?
4
Let i be 51/12 + (-2)/8. Suppose v - 3*w = -i, -6*w + w = -2*v - 4. What is the units digit of v?
8
Let p = -9 - -13. Suppose 0 = -p*g + n + 17 + 24, g - 2*n - 19 = 0. Suppose -3*l = g, -2*k = l - 3 - 6. What is the units digit of k?
6
Let f be (-28)/7 - (-6 + 0). Suppose f*h - 20 = -r, 0*r = -3*h + 4*r + 52. What is the units digit of h?
2
Suppose 2*o = -4*i + 18, -3*i + 0*o + 1 = -o. Suppose -i*y - t = -89 - 3, 2*t - 8 = 0. What is the tens digit of y?
4
Suppose -16 = 4*x, -x + 37 = -2*m + 205. What is the units digit of m?
2
Suppose 4*u - 2 - 2 = -3*g, 3*u = 4*g + 3. Suppose -3*l + 4*m = -1, 0*l - 4*l + 5*m = -2. Let t = l - g. What is the units digit of t?
3
Suppose 3*z + 3*h = 6*z - 6, -z + 3*h - 4 = 0. What is the units digit of 3 + 1 + -2 + z?
7
Let j = -22 - -125. What is the hundreds digit of j?
1
Let w = 10 - 5. Suppose 10*t = 6*t. Suppose -p - w + 11 = t. What is the units digit of p?
6
Let c(m) = -m**2 + 8*m + 2. Let g be c(8). Let o be ((-2)/g)/(1/9). What is the units digit of 2/o + (-11)/(-9)?
1
Let m(g) = -2*g - 13. Suppose 3*h = -2*i + 41, -4*h - 2 = -5*i - 95. Suppose 3*l + h = -10. What is the units digit of m(l)?
5
Suppose d - 5*d + 547 = s, 3*d + 2*s - 414 = 0. What is the units digit of d?
6
Suppose 4*g - 389 = -53. What is the units digit of g?
4
Suppose 21 = 5*x - 84. What is the tens digit of 0 + x + (-6)/(-2)?
2
Let s be (-4 + 2)*(-16)/(-2). Let o(z) = 6*z**3 - 2*z**2 + 2*z + 2. Let t be o(-2). What is the units digit of t/(-8) - (-4)/s?
7
What is the tens digit of ((-428)/(-12) - 3/(-3))*3?
1
What is the tens digit of 44/(-16) + 1/(-4) + 27?
2
Let c(x) = x**2 + 2*x + 5. Let j be c(-6). Let d(p) = 41*p**3 - p. Let n be d(1). Let g = n - j. What is the tens digit of g?
1
Suppose 4*x - 5*l = -7 - 7, 5*x + 28 = l. Let u = -4 + -1. Let o = u - x. What is the units digit of o?
1
Suppose -v = -5*v + 1272. What is the hundreds digit of v?
3
Suppose -l = 4*s - 2*l - 5, 3*s - 3*l - 15 = 0. Suppose b + s*b - 23 = 0. What is the tens digit of b?
2
Let d(r) = -212*r**2 - 17*r + 2*r + 5 + 211*r**2. What is the units digit of d(-13)?
1
Let b = 69 + 48. What